mon divisor of 141296 and 384.
16
What is the highest common divisor of 1116 and 21351777?
93
Calculate the greatest common divisor of 38612748 and 16379.
1489
What is the highest common factor of 19188 and 5308?
4
What is the highest common divisor of 2436 and 10508208?
348
What is the highest common divisor of 222667 and 1046743?
2081
What is the greatest common divisor of 106 and 270561449?
53
What is the highest common divisor of 2152200 and 154241?
3587
What is the highest common factor of 51615116 and 1203?
401
Calculate the highest common divisor of 27732 and 99036.
12
Calculate the greatest common divisor of 8065596 and 24244.
1276
What is the highest common divisor of 104604 and 175536?
276
What is the highest common divisor of 35466597 and 513?
171
What is the highest common divisor of 30105 and 37738290?
3345
Calculate the greatest common factor of 2882 and 2453789558.
2882
Calculate the greatest common divisor of 1942050 and 1064800.
6050
What is the highest common factor of 16435 and 491147?
173
What is the greatest common divisor of 74496 and 42624?
384
Calculate the greatest common divisor of 51342 and 631029.
597
Calculate the highest common factor of 90932 and 651764.
508
Calculate the highest common divisor of 2240 and 6992696.
8
What is the greatest common divisor of 1955 and 197085505?
1955
What is the greatest common factor of 180046139 and 897?
299
What is the highest common factor of 36366 and 52503?
33
Calculate the highest common factor of 1175856 and 379900.
524
What is the greatest common factor of 1028636 and 595?
119
Calculate the greatest common factor of 3757 and 96407.
17
Calculate the highest common factor of 133494452 and 4.
4
Calculate the highest common factor of 104236 and 28222.
206
What is the highest common factor of 109374293 and 497?
497
What is the greatest common divisor of 209804936 and 2690?
538
Calculate the highest common divisor of 20793 and 202911.
717
What is the highest common divisor of 3000 and 1149250?
250
Calculate the greatest common factor of 5292203 and 3325.
133
What is the greatest common divisor of 396 and 139393782?
198
What is the highest common divisor of 93094 and 248933?
89
What is the highest common divisor of 97193 and 1066781?
1171
What is the highest common divisor of 1650 and 225498075?
825
Calculate the greatest common divisor of 1408215 and 59330.
1745
What is the greatest common factor of 377450409 and 231?
21
Calculate the greatest common factor of 60 and 6535995.
15
What is the highest common divisor of 122556507 and 618?
309
What is the highest common factor of 1916304 and 12099?
111
Calculate the greatest common divisor of 559351 and 12614.
17
Calculate the highest common factor of 84632266 and 464.
58
Calculate the highest common divisor of 259 and 124936.
7
What is the highest common factor of 104 and 872632?
8
What is the greatest common divisor of 7670396 and 296?
148
Calculate the greatest common factor of 231 and 1333941.
21
Calculate the greatest common divisor of 803692 and 69218.
106
What is the highest common divisor of 1301370 and 420?
210
Calculate the highest common divisor of 4584486 and 1434.
6
Calculate the greatest common divisor of 5845851 and 3267.
297
What is the highest common divisor of 30545710 and 780?
130
Calculate the greatest common factor of 31120 and 54960.
80
What is the highest common factor of 14539130 and 20?
10
What is the greatest common divisor of 1240 and 1641000?
40
What is the greatest common factor of 1089 and 15150531?
363
What is the greatest common factor of 41482 and 251034?
14
What is the greatest common factor of 2781 and 50915475?
927
What is the greatest common factor of 70 and 27632220?
70
What is the highest common factor of 10592 and 9331136?
32
Calculate the greatest common factor of 15651 and 4418133.
111
Calculate the highest common divisor of 297 and 2237841.
27
What is the greatest common factor of 5855610 and 1140?
570
What is the highest common divisor of 12222954 and 1473?
1473
What is the highest common divisor of 43086 and 10406?
86
Calculate the highest common divisor of 634860 and 2085.
15
What is the highest common divisor of 21182022 and 30?
6
Calculate the highest common factor of 2443 and 10794570.
349
Calculate the highest common factor of 1983 and 28195.
1
Calculate the highest common factor of 771694 and 686.
14
Calculate the greatest common divisor of 2984 and 1000013.
373
What is the greatest common factor of 6771600 and 1210?
110
Calculate the highest common divisor of 565803453 and 699.
699
What is the highest common divisor of 4040 and 97418035?
505
What is the highest common divisor of 107666 and 688012?
2626
What is the highest common divisor of 34647669 and 1701?
1701
What is the greatest common divisor of 94708017 and 288?
9
What is the greatest common factor of 2569 and 854461144?
367
What is the highest common divisor of 25085502 and 437?
23
What is the highest common divisor of 2009 and 34137957?
49
What is the greatest common factor of 3028501 and 3759?
1253
What is the greatest common divisor of 44 and 404997241?
11
What is the highest common factor of 18728258 and 87?
29
Calculate the highest common factor of 306 and 46078398.
306
What is the highest common divisor of 62744835 and 435?
435
Calculate the greatest common factor of 525725448 and 72.
24
What is the highest common divisor of 746680 and 253880?
440
What is the highest common factor of 4731 and 187995?
249
Calculate the greatest common factor of 142380 and 113940.
180
What is the greatest common factor of 175 and 143475700?
25
Calculate the greatest common factor of 27234 and 5268266.
3026
Calculate the highest common divisor of 5594747103 and 8811.
8811
What is the greatest common divisor of 24644 and 35249?
101
Calculate the greatest common factor of 2309775 and 1200.
75
Calculate the greatest common factor of 192662802 and 612.
306
What is the greatest common factor of 35 and 699285?
5
What is the highest common divisor of 60 and 7231722?
6
What is the greatest common factor of 5811322 and 2046?
682
Calculate the highest common divisor of 4098 and 53556.
6
Calculate the highest common divisor of 379803514 and 466.
466
Calculate the greatest common factor of 2336243 and 13715.
13
What is the greatest common factor of 681675 and 8325?
75
What is the highest common divisor of 11867020 and 275?
55
What is the highest common divisor of 1132625 and 3869580?
2665
Calculate the greatest common divisor of 102 and 54789096.
102
What is the highest common factor of 1462668 and 2367?
3
What is the greatest common factor of 2010 and 98469900?
2010
Calculate the highest common divisor of 21150 and 35550095.
235
Calculate the greatest common divisor of 57091815 and 3.
3
Calculate the greatest common factor of 1912 and 3353887.
239
Calculate the highest common divisor of 77313750 and 2544.
318
What is the greatest common factor of 84773661 and 147?
21
What is the highest common divisor of 81280 and 72064?
128
What is the greatest common divisor of 90 and 118617945?
15
Calculate the greatest common divisor of 4239592943 and 307.
307
What is the highest common factor of 80 and 252048080?
80
Calculate the highest common divisor of 50702 and 14443.
101
What is the highest common divisor of 883067579 and 1868?
467
What is the highest common factor of 2616116 and 8?
4
Calculate the highest common divisor of 30499 and 1421.
7
Calculate the greatest common divisor of 9405040 and 320.
80
What is the greatest common divisor of 226291 and 11687?
13
What is the greatest common factor of 132 and 86723538?
66
What is the greatest common factor of 4932 and 704826?
18
What is the greatest common factor of 332 and 10912508?
332
Calculate the highest common divisor of 40 and 23958920.
40
What is the highest common factor of 129 and 58329?
3
Calculate the greatest common divisor of 218568 and 3171.
21
What is the highest common divisor of 262065 and 5130?
15
What is the highest common divisor of 56 and 33702403?
7
Calculate the highest common divisor of 88332 and 117708.
204
What is the greatest common divisor of 35482944 and 5168?
272
Calculate the greatest common divisor of 892 and 61532.
4
Calculate the highest common divisor of 63489 and 447.
3
